{"id":132,"date":"2019-11-14T13:24:04","date_gmt":"2019-11-14T19:24:04","guid":{"rendered":"https:\/\/idt-hidraulica.com\/shop\/product\/termostato-honeywell-fc-120v-t6811dp0-2-tubos\/"},"modified":"2023-04-14T13:18:07","modified_gmt":"2023-04-14T19:18:07","slug":"termostato-honeywell-fc-120v-t6811dp0-2-tubos","status":"publish","type":"product","link":"https:\/\/idt-hidraulica.com\/shop\/product\/termostato-honeywell-fc-120v-t6811dp0-2-tubos\/","title":{"rendered":"Termostato Honeywell F&#038;c 120v T6811dp0 2 Tubos"},"content":{"rendered":"<table class=\"mce-item-table\" width=\"1836\" data-mce-selected=\"1\">\n<tbody>\n<tr>\n<td width=\"1836\">\n<p>Mca. Honeywell Mod.T6811DP08. Ideal para control de sistemas de aire acondicionado y calefacci\u00f3n.<\/p>\n<p>APPLICATION<br \/>T6811\/6812 digital thermostats are designed for application of 3-speed fans and valves in 2-pipe fan coil systems.<br \/>The T6811\/6812 work for the following applications:<br \/>\u2014 2-pipe cool only<br \/>\u2014 2-pipe heat only<br \/>\u2014 2-pipe heat\/cool manual changeover<br \/>\u2014 Ventilation mode<br \/>\u2014 Manual 3-speed fan control<br \/>\u2014 Water valve control<\/p>\n<p>Technical Specifications<br \/>Power Supply:<br \/>T6811DP08: 110(+20%,-10%)VAC<br \/>T6812DP08: 220(+\/-10%)VAC<br \/>Frequency: 50\/60Hz.<br \/>Input Current: 4 Amps Resistive\/2 Amps Inductive<br \/>Control Algorithm: PI, On\/off output<br \/>Accuracy: +\/-1\u00b0C at 21\u00b0C<br \/>Rating Capacity:<br \/>220V: 4(2)A for fan load, 2(1)A for zone valve<br \/>110V: 4(2)A for fan load, 2(1)A for zone valve<br \/>Cycle Times: 100,000<br \/>Setpoint Range: 10\u00b0C to 32\u00b0C (50\u00b0F to 90\u00b0F)<\/p>\n<p>Installation: Installed on 86x86mm junction box or 2&#215;4 inch junction box.<br \/>Protection Class: IP20<\/p>\n<p>Environmental Conditions:<br \/>Operating temperature: -18\u00b0C to 49\u00b0C (0\u00b0F to 120\u00b0F)<br \/>Shipping temperature: -35\u00b0C to 65\u00b0C (-31\u00b0F to 149\u00b0F)<br \/>Relative humidity: 5 to 90%, non-condensing<br \/>Action Type: Action Type 1<br \/>Maximum Temperature for Relay Wiring: 155\u00b0C (311\u00b0F)<\/p>\n<p>FEATURES<br \/>\u2022 Sleek modern design, suitable for office, hotel and residential buildings<br \/>\u2022 Large LCD display with English and icon display<br \/>\u2022 Easy to install and set-up<br \/>\u2022 Selectable room temperature or setpoint display<br \/>\u2022 Manual fan speed selection<br \/>\u2022 Adjustment of display room temperature<br \/>\u2022 Temperature display in either \u00b0C or \u00b0F<br \/>\u2022 Permanent memory retention<br \/>\u2022 Keypad Lockout<br \/>\u2022 Heat and cool range stops for energy savings<\/p>\n<p>APLICACI\u00d3N<br \/>Los termostatos digitales T6811\/6812 est\u00e1n dise\u00f1ados para el control del ventilador de 3 velocidades y la v\u00e1lvula en sistemas fan &#038; coil a 2 tubos.<br \/>Los termostatos T6811\/6812 funcionan para las siguientes aplicaciones:<br \/>\u2022 S\u00f3lo fr\u00edo a 2 tubos<br \/>\u2022 S\u00f3lo calor a 2 tubos<br \/>\u2022 Cambio manual de calor\/fr\u00edo a 2 tubos<br \/>\u2022 Modo de ventilaci\u00f3n<br \/>\u2022 Control manual del ventilador de 3 velocidades<br \/>\u2022 Control de la v\u00e1lvula para agua<\/p>\n<p>CARACTER\u00cdSTICAS<br \/>\u2022 Dise\u00f1o atractivo y moderno ideal para oficinas, hoteles y edificios residenciales<br \/>\u2022 Pantalla LCD amplia con visualizaci\u00f3n de \u00edconos y en ingl\u00e9s<br \/>\u2022 F\u00e1cil de instalar y configurar<br \/>\u2022 Visualizaci\u00f3n de temperatura ambiente o punto de ajuste seleccionable<br \/>\u2022 Selecci\u00f3n manual de la velocidad del ventilador<br \/>\u2022 Ajuste de visualizaci\u00f3n de la temperatura ambiente<br \/>\u2022 Visualizaci\u00f3n de la temperatura en \u00b0C o \u00b0F<br \/>\u2022 Retenci\u00f3n permanente de la memoria<br \/>\u2022 Bloqueo del teclado<br \/>\u2022 Es posible fijar l\u00edmites (topes) a los puntos de ajuste de calor y fr\u00edo para ahorrar energ\u00eda<\/p>\n<p>Especificaciones t\u00e9cnicas<br \/>Suministro de energ\u00eda:<br \/>T6811DP08: 110 (+20%,-10%) V CA<br \/>T6812DP08: 220 (+\/-10%) V CA<br \/>Frecuencia:50\/60 Hz.<br \/>Consumo de corriente:4 Amps resistivos\/2 Amps inductivos<br \/>Algoritmo de control:PI, salida de encendido\/apagado<br \/>Exactitud:+\/-1\u00b0C a 21\u00b0C<br \/>Capacidad nominal: 220V: 4(2)A para la carga de ventilador, 2(1)A para la v\u00e1lvula de zona<br \/>110V: 4(2)A para la carga de ventilador, 2(1)A para la v\u00e1lvula de zona<br \/>Ciclos de operaci\u00f3n:100.000<br \/>Rango para puntos de ajuste:10\u00b0C a 32\u00b0C (50\u00b0F a 90\u00b0F)<\/p>\n<p>Instalaci\u00f3n:<br \/>Se instala en una caja de 86 x 86 mm \u00f3 en una caja de 2 x 4 pulgadas.<br \/>Clase de protecci\u00f3n:IP20<br \/>Condiciones ambientales:<br \/>Temperatura de operaci\u00f3n: -18\u00b0C a 49\u00b0C (0\u00b0F a 120\u00b0F)<br \/>Temperatura de embarque: -35\u00b0C a 65\u00b0C (-31\u00b0F a 149\u00b0F)<br \/>Humedad relativa: 5 a 90% sin condensaci\u00f3n<br \/>Tipo de acci\u00f3n:Tipo de acci\u00f3n 1<br \/>M\u00e1xima temperatura para el cableado del relevador: 155\u00b0C (311\u00b0F)<\/p>\n<p>Entrega de 2 a 3 d\u00edas despu\u00e9s de la compra<\/p>\n<p>Nota:<\/p>\n<p><em><strong>Precios y existencias sujetos a disponibilidad por se productos de alta rotaci\u00f3n.<\/strong><\/em><\/p>\n<p><em><strong>Se recomienda validar antes de hacer su compra.<\/strong><\/em><\/p>\n<\/td>\n<\/tr>\n<\/tbody>\n<\/table>\n<div id=\"mceResizeHandlenw\" data-mce-bogus=\"all\" class=\"mce-resizehandle\" data-mce-style=\"cursor: nw-resize; margin: 0px; padding: 0px; left: 5.5px; top: 4.5px;\" style=\"cursor: nw-resize;margin: 0px;padding: 0px\"><\/div>\n<div id=\"mceResizeHandlene\" data-mce-bogus=\"all\" class=\"mce-resizehandle\" data-mce-style=\"cursor: ne-resize; margin: 0px; padding: 0px; left: 596.5px; top: 4.5px;\" style=\"cursor: ne-resize;margin: 0px;padding: 0px\"><\/div>\n<div id=\"mceResizeHandlese\" data-mce-bogus=\"all\" class=\"mce-resizehandle\" data-mce-style=\"cursor: se-resize; margin: 0px; padding: 0px; left: 596.5px; top: 2590.83px;\" style=\"cursor: se-resize;margin: 0px;padding: 0px\"><\/div>\n<div id=\"mceResizeHandlesw\" data-mce-bogus=\"all\" class=\"mce-resizehandle\" data-mce-style=\"cursor: sw-resize; margin: 0px; padding: 0px; left: 5.5px; top: 2590.83px;\" style=\"cursor: sw-resize;margin: 0px;padding: 0px\"><\/div>\n","protected":false},"excerpt":{"rendered":"<p>Mca. Honeywell Mod.T6811DP08. Ideal para control de sistemas de aire acondicionado y calefacci\u00f3n.<\/p>\n<p>APPLICATION<br \/>\nT6811\/6812 digital thermostats are designed for application of 3-speed fans and valves in 2-pipe fan coil systems.<br \/>\nThe T6811\/6812 work for the following applications:<br \/>\n\u2014 2-pipe cool only<br \/>\n\u2014 2-pipe heat only<br \/>\n\u2014 2-pipe heat\/cool manual changeover<br \/>\n\u2014 Ventilation mode<br \/>\n\u2014 Manual 3-speed fan control<br \/>\n\u2014 Water valve control<\/p>\n<p>Technical Specifications<br \/>\nPower Supply:<br \/>\nT6811DP08: 110(+20%,-10%)VAC<br \/>\nT6812DP08: 220(+\/-10%)VAC<br \/>\nFrequency: 50\/60Hz.<br \/>\nInput Current: 4 Amps Resistive\/2 Amps Inductive<br \/>\nControl Algorithm: PI, On\/off output<br \/>\nAccuracy: +\/-1\u00b0C at 21\u00b0C<br \/>\nRating Capacity:<br \/>\n220V: 4(2)A for fan load, 2(1)A for zone valve<br \/>\n110V: 4(2)A for fan load, 2(1)A for zone valve<br \/>\nCycle Times: 100,000<br \/>\nSetpoint Range: 10\u00b0C to 32\u00b0C (50\u00b0F to 90\u00b0F)<\/p>\n<p>Installation: Installed on 86x86mm junction box or 2&#215;4 inch junction box.<br \/>\nProtection Class: IP20<\/p>\n<p>Environmental Conditions:<br \/>\nOperating temperature: -18\u00b0C to 49\u00b0C (0\u00b0F to 120\u00b0F)<br \/>\nShipping temperature: -35\u00b0C to 65\u00b0C (-31\u00b0F to 149\u00b0F)<br \/>\nRelative humidity: 5 to 90%, non-condensing<br \/>\nAction Type: Action Type 1<br \/>\nMaximum Temperature for Relay Wiring: 155\u00b0C (311\u00b0F)<\/p>\n<p>FEATURES<br \/>\n\u2022 Sleek modern design, suitable for office, hotel and residential buildings<br \/>\n\u2022 Large LCD display with English and icon display<br \/>\n\u2022 Easy to install and set-up<br \/>\n\u2022 Selectable room temperature or setpoint display<br \/>\n\u2022 Manual fan speed selection<br \/>\n\u2022 Adjustment of display room temperature<br \/>\n\u2022 Temperature display in either \u00b0C or \u00b0F<br \/>\n\u2022 Permanent memory retention<br \/>\n\u2022 Keypad Lockout<br \/>\n\u2022 Heat and cool range stops for energy savings<\/p>\n<p>APLICACI\u00d3N<br \/>\nLos termostatos digitales T6811\/6812 est\u00e1n dise\u00f1ados para el control del ventilador de 3 velocidades y la v\u00e1lvula en sistemas fan &amp; coil a 2 tubos.<br \/>\nLos termostatos T6811\/6812 funcionan para las siguientes aplicaciones:<br \/>\n\u2022 S\u00f3lo fr\u00edo a 2 tubos<br \/>\n\u2022 S\u00f3lo calor a 2 tubos<br \/>\n\u2022 Cambio manual de calor\/fr\u00edo a 2 tubos<br \/>\n\u2022 Modo de ventilaci\u00f3n<br \/>\n\u2022 Control manual del ventilador de 3 velocidades<br \/>\n\u2022 Control de la v\u00e1lvula para agua<\/p>\n<p>CARACTER\u00cdSTICAS<br \/>\n\u2022 Dise\u00f1o atractivo y moderno ideal para oficinas, hoteles y edificios residenciales<br \/>\n\u2022 Pantalla LCD amplia con visualizaci\u00f3n de \u00edconos y en ingl\u00e9s<br \/>\n\u2022 F\u00e1cil de instalar y configurar<br \/>\n\u2022 Visualizaci\u00f3n de temperatura ambiente o punto de ajuste seleccionable<br \/>\n\u2022 Selecci\u00f3n manual de la velocidad del ventilador<br \/>\n\u2022 Ajuste de visualizaci\u00f3n de la temperatura ambiente<br \/>\n\u2022 Visualizaci\u00f3n de la temperatura en \u00b0C o \u00b0F<br \/>\n\u2022 Retenci\u00f3n permanente de la memoria<br \/>\n\u2022 Bloqueo del teclado<br \/>\n\u2022 Es posible fijar l\u00edmites (topes) a los puntos de ajuste de calor y fr\u00edo para ahorrar energ\u00eda<\/p>\n<p>Especificaciones t\u00e9cnicas<br \/>\nSuministro de energ\u00eda:<br \/>\nT6811DP08: 110 (+20%,-10%) V CA<br \/>\nT6812DP08: 220 (+\/-10%) V CA<br \/>\nFrecuencia:50\/60 Hz.<br \/>\nConsumo de corriente:4 Amps resistivos\/2 Amps inductivos<br \/>\nAlgoritmo de control:PI, salida de encendido\/apagado<br \/>\nExactitud:+\/-1\u00b0C a 21\u00b0C<br \/>\nCapacidad nominal: 220V: 4(2)A para la carga de ventilador, 2(1)A para la v\u00e1lvula de zona<br \/>\n110V: 4(2)A para la carga de ventilador, 2(1)A para la v\u00e1lvula de zona<br \/>\nCiclos de operaci\u00f3n:100.000<br \/>\nRango para puntos de ajuste:10\u00b0C a 32\u00b0C (50\u00b0F a 90\u00b0F)<\/p>\n<p>Instalaci\u00f3n:<br \/>\nSe instala en una caja de 86 x 86 mm \u00f3 en una caja de 2 x 4 pulgadas.<br \/>\nClase de protecci\u00f3n:IP20<br \/>\nCondiciones ambientales:<br \/>\nTemperatura de operaci\u00f3n: -18\u00b0C a 49\u00b0C (0\u00b0F a 120\u00b0F)<br \/>\nTemperatura de embarque: -35\u00b0C a 65\u00b0C (-31\u00b0F a 149\u00b0F)<br \/>\nHumedad relativa: 5 a 90% sin condensaci\u00f3n<br \/>\nTipo de acci\u00f3n:Tipo de acci\u00f3n 1<br \/>\nM\u00e1xima temperatura para el cableado del relevador: 155\u00b0C (311\u00b0F)<\/p>\n","protected":false},"featured_media":368,"comment_status":"closed","ping_status":"closed","template":"","meta":[],"product_cat":[22],"product_tag":[],"_links":{"self":[{"href":"https:\/\/idt-hidraulica.com\/shop\/wp-json\/wp\/v2\/product\/132"}],"collection":[{"href":"https:\/\/idt-hidraulica.com\/shop\/wp-json\/wp\/v2\/product"}],"about":[{"href":"https:\/\/idt-hidraulica.com\/shop\/wp-json\/wp\/v2\/types\/product"}],"replies":[{"embeddable":true,"href":"https:\/\/idt-hidraulica.com\/shop\/wp-json\/wp\/v2\/comments?post=132"}],"wp:featuredmedia":[{"embeddable":true,"href":"https:\/\/idt-hidraulica.com\/shop\/wp-json\/wp\/v2\/media\/368"}],"wp:attachment":[{"href":"https:\/\/idt-hidraulica.com\/shop\/wp-json\/wp\/v2\/media?parent=132"}],"wp:term":[{"taxonomy":"product_cat","embeddable":true,"href":"https:\/\/idt-hidraulica.com\/shop\/wp-json\/wp\/v2\/product_cat?post=132"},{"taxonomy":"product_tag","embeddable":true,"href":"https:\/\/idt-hidraulica.com\/shop\/wp-json\/wp\/v2\/product_tag?post=132"}],"curies":[{"name":"wp","href":"https:\/\/api.w.org\/{rel}","templated":true}]}}